56347 a composite number?
False
Is 98017 a composite number?
False
Is 632027 composite?
True
Is 2077483 prime?
True
Is 497093 a prime number?
True
Is 37441 a composite number?
False
Is 532949 a prime number?
True
Is 4979153 composite?
False
Is 7451 prime?
True
Is 19883 a composite number?
True
Is 356107 a prime number?
False
Is 825274 prime?
False
Is 259531 a composite number?
False
Is 456793 prime?
False
Is 54709 a prime number?
True
Is 979 composite?
True
Is 3766819 a prime number?
False
Is 327553 a prime number?
True
Is 959 a prime number?
False
Is 218047 prime?
True
Is 469615 a prime number?
False
Is 25985 a composite number?
True
Is 13793 a composite number?
True
Is 12689 a prime number?
True
Is 24001 a composite number?
False
Is 7331 composite?
False
Is 21311 prime?
False
Is 816763 a composite number?
False
Is 221393 a composite number?
False
Is 711617 a prime number?
True
Is 133251 a prime number?
False
Is 1002379 composite?
True
Is 6107 a prime number?
False
Is 147007 a prime number?
False
Is 628799 prime?
True
Is 2459 prime?
True
Is 178151 a composite number?
False
Is 3863 composite?
False
Is 4091 composite?
False
Is 5267 a composite number?
True
Is 23549 prime?
True
Is 120223 composite?
False
Is 82997 prime?
True
Is 173629 composite?
False
Is 126827 a composite number?
False
Is 1912829 a composite number?
False
Is 72109 composite?
False
Is 4049 a composite number?
False
Is 512539 a composite number?
True
Is 45377 composite?
False
Is 1543 prime?
True
Is 5911 composite?
True
Is 849307 prime?
False
Is 135951 a prime number?
False
Is 7571 a composite number?
True
Is 471533 a prime number?
True
Is 40099 a prime number?
True
Is 317 a prime number?
True
Is 2490519 a composite number?
True
Is 2419 composite?
True
Is 1465 a composite number?
True
Is 13042 prime?
False
Is 937661 composite?
False
Is 194657 composite?
True
Is 11333 a composite number?
True
Is 51757 composite?
True
Is 120157 a composite number?
False
Is 1442689 composite?
True
Is 11677 composite?
False
Is 2063 a prime number?
True
Is 743 prime?
True
Is 20861 a prime number?
False
Is 110545 a prime number?
False
Is 45683 composite?
True
Is 5809 a composite number?
True
Is 5921089 composite?
False
Is 505797 a composite number?
True
Is 4981 composite?
True
Is 109273 a prime number?
False
Is 62938 a prime number?
False
Is 225919 composite?
False
Is 67231 a composite number?
False
Is 907 a composite number?
False
Is 103387 composite?
False
Is 90911 a prime number?
True
Is 2333 a composite number?
False
Is 1037723 prime?
False
Is 1203 a prime number?
False
Is 137881 a prime number?
False
Is 3622 a composite number?
True
Is 1419727 a composite number?
True
Is 29787 prime?
False
Is 14519 a composite number?
False
Is 3621851 a prime number?
True
Is 2339131 composite?
False
Is 9533 prime?
True
Is 3057 a prime number?
False
Is 691871 a prime number?
True
Is 1234439 composite?
False
Is 2072693 a prime number?
False
Is 10391 composite?
False
Is 13522 composite?
True
Is 150433 a composite number?
True
Is 19441 composite?
False
Is 4883 a prime number?
False
Is 418371 composite?
True
Is 432959 prime?
True
Is 1417769 a composite number?
False
Is 1837 prime?
False
Is 45161 prime?
True
Is 594941 prime?
False
Is 13397 prime?
True
Is 610286 prime?
False
Is 134167 a prime number?
False
Is 374627 composite?
True
Is 421183 composite?
True
Is 1469311 composite?
False
Is 2293 a prime number?
True
Is 343411 prime?
True
Is 31718 composite?
True
Is 73571 composite?
False
Is 1049 composite?
False
Is 1151 prime?
True
Is 4083 a prime number?
False
Is 102241 composite?
False
Is 69307 a prime number?
False
Is 10078 composite?
True
Is 66281 a prime number?
False
Is 468031 a composite number?
True
Is 6197 a prime number?
True
Is 129629 prime?
True
Is 2927 a prime number?
True
Is 23957 composite?
False
Is 14971 composite?
True
Is 13093 a prime number?
True
Is 10007 composite?
False
Is 139067 a prime number?
True
Is 129205 a prime number?
False
Is 19373 prime?
True
Is 954157 a prime number?
True
Is 23509 composite?
False
Is 15 composite?
True
Is 7813 composite?
True
Is 2709761 a composite number?
True
Is 15439 prime?
True
Is 57637 composite?
False
Is 7273 a prime number?
False
Is 1087 a prime number?
True
Is 24547 composite?
False
Is 3105677 prime?
False
Is 7493 a prime number?
False
Is 1018 composite?
True
Is 1733 composite?
False
Is 56033 prime?
False
Is 6613 prime?
False
Is 325421 a prime number?
True
Is 81401 a composite number?
False
Is 192359 composite?
True
Is 3827 composite?
True
Is 8057 composite?
True
Is 1469 composite?
True
Is 1164477 prime?
False
Is 20717 a composite number?
False
Is 486221 a prime number?
True
Is 248971 a composite number?
False
Is 1195 composite?
True
Is 7387 prime?
False
Is 25439 a composite number?
False
Is 59253 a prime number?
False
Is 39469 a composite number?
True
Is 134639 composite?
False
Is 88969 a prime number?
True
Is 12373 a prime number?
True
Is 341555 composite?
True
Is 661709 prime?
False
Is 179755 composite?
True
Is 67927 a prime number?
True
Is 7559 prime?
True
Is 52433 composite?
False
Is 476893 a composite number?
True
Is 24691 a composite number?
False
Is 14519 a composite number?
False
Is 15683 a composite number?
False
Is 563447 composite?
False
Is 28345 prime?
False
Is 20371 composite?
True
Is 331 prime?
True
Is 863 prime?
True
Is 128279 prime?
False
Is 28345 a prime number?
False
Is 132403 a prime number?
True
Is 2389993 prime?
True
Is 7993 a composite number?
False
Is 869 a prime number?
False
Is 202277 a prime number?
True
Is 256387 a composite number?
True
Is 318503 composite?
False
Is 5599 prime?
False
Is 71249 a composite number?
False
Is 358811 a composite number?
False
Is 51619 a prime number?
False
Is 3989 a composite number?
False
Is 290967 a composite number?
True
Is 210097 prime?
True
Is 682429 a composite number?
True
Is 20287 composite?
False
Is 2776753 composite?
True
Is 985 prime?
False
Is 24515 a prime number?
False
Is 387307 a composite number?
False
Is 832991 a prime number?
False
Is 391 a composite number?
True
Is 8803 a composite number?
False
Is 43423 composite?
True
Is 8767 prime?
False
Is 123745 a prime number?
False
Is 617311 a prime number?
True
Is 34319 prime?
True
Is 9946 prime?
False
Is 10813 a prime number?
False
Is 21163 composite?
False
Is 3497 a prime number?
False
Is 107435 prime?
False
Is 33377 a prime number?
True
Is 6389 prime?
True
Is 2064037 prime?
False
Is 306655 composite?
True
Is 787 composite?
False
Is 18413 a composite number?
False
Is 1165 composite?
True
Is 63211 composite?
False
Is 7153871 a prime number?
True
Is 136979 prime?
True
Is 11171 a prime number?
True
Is 88993 a composite number?
False
Is 20759 a prime number?
True
Is 22733 a composite number?
True
Is 2059249 composite?
False
Is 17735 prime?
False
Is 118127 a prime number?
True
Is 71371 prime?
False
Is 51749 a composite number?
False
Is 43391 a prime number?
True
Is 50831 a prime number?
False
Is 66491 prime?
True
Is 26339 prime?
True
Is 27239 prime?
True
Is 362521 prime?
True
Is 4831 a composite number?
False
Is 26002 prime?
False
Is 71311 composite?
True
Is 543 composite?
True
Is 21999 a prime number?
False
Is 599614 prime?
False
Is 64951 prime?
True
Is 368729 prime?
True
Is 2068871 a prime number?
False
Is 1083659 prime?
True
Is 61259 prime?
False
Is 466694 a prime number?
False
Is 368507 composite?
False
Is 168749 a composite number?
True
Is 79334 prime?
False
Is 223 prime?
True
Is 375811 composite?
True
Is 8159 a composite number?
True
Is 1718979 composite?
True
Is 10289 a composite number?
False
Is 705613 prime?
True
Is 133639 a prime number?
False
Is 33619 a prime number?
True
Is 4866423 composite?
True
Is 309139 a prime number?
False
Is 690178 a composite number?
True
Is 36373 prime?
True
Is 62255 prime?
False
Is 11027 a composite number?
False
Is 154763 prime?
False
Is 386471 prime?
True
Is 2258 a prime number?
False
Is 1999495 composite?
True
Is 44071 prime?
True
Is 133153 composite?
False
Is 276631 prime?
False
Is 20779 a prime number?
False
Is 1636585 a composite number?
True
Is 98449 composite?
True
Is 13523 prime?
True
Is 2568607 prime?
False
Is 137273 prime?
True
Is 2377985 a composite number?
True
Is 3761 a composite number?
False
Is 104